5).
7
Let x = -420 + 423. Let g(p) = 9*p**2 + p**x + 3 + 1217*p - 1205*p + 7. Give g(-8).
-22
Let v(r) = 2*r**3 - 61*r**2 + 28*r + 63. Suppose 12*y - 6300 = -127*y - 71*y. Calculate v(y).
3
Let g(n) = -n**3 + 28*n**2 - 51*n - 28. Let x be 145152/5568 - (-4)/(-58). Determine g(x).
-2
Let y(u) = u**2 - 34*u + 282. Let k be y(14). Let v(x) be the first derivative of -10 - k*x + 1/2*x**2 + 2/3*x**3 + 1/4*x**4. Give v(-2).
-4
Let d(c) = -13 + 825*c - 1665*c + 841*c. Let z(f) = -f**2 - 7*f + 6. Let y be z(-5). Give d(y).
3
Let z(p) = -p**2 - 3*p - 15. Let w(h) = -17*h**2 - h + 91. Let i(x) = 3*x**2 - 18. Let r(o) = -11*i(o) - 2*w(o). Let u(c) = -4*r(c) - 5*z(c). Give u(-9).
29
Let c(p) be the third derivative of p**6/120 - 29*p**5/60 + 23*p**4/12 + 69*p**3/2 - 132*p**2 + 31. Calculate c(27).
-9
Let j(n) = 5*n**2 - n + 36. Let z(h) = 4*h**2 - h + 30. Let s(d) = 3*j(d) - 4*z(d). Calculate s(8).
-68
Suppose 0 = -5*l + 2*o + 70, 3*l = -l - 4*o + 28. Suppose 0*g - l = 4*u + 4*g, -g = -2*u. Let s(r) = -18*r. Determine s(u).
18
Let g(x) = -7*x - 1092. Let c be g(-156). Let o(r) be the second derivative of 17*r - 1/2*r**3 + 0*r**2 - 1/20*r**5 - 1/3*r**4 + c. Determine o(-3).
0
Suppose 7*t - 5*w + 13 = 0, -3*t + 2*w - 1 = 4. Let s(j) = -24*j**3 - 1. What is s(t)?
-25
Suppose -202*f - 1350 = 116*f - 4212. Let a(v) = v**3 - 10*v**2 + 6*v - 3. What is a(f)?
-30
Let f(v) be the second derivative of 2*v**4 + v**3/3 - 431*v. Determine f(-1).
22
Let d(b) = -3*b - 15. Let w = -241 - -245. Suppose w*g = 4*v + 8, 2*v - 3*v = g + 12. Calculate d(v).
6
Let r(n) = 9*n**2 + 59*n**3 - 11*n**2 - 58*n**3. Let w(l) = -6*l**3 + 5*l**2 + 7*l - 6. Let q(c) = -5*r(c) - w(c). What is q(-6)?
12
Let v(s) be the third derivative of 1/3*s**4 + 0 + 2/15*s**5 + 1/3*s**3 + 0*s + 1/120*s**6 + 144*s**2. What is v(-7)?
-5
Let i(o) = -6014*o + 12010*o - 6002*o + 2. Calculate i(6).
-34
Let z(y) = -y**3 + 6*y**2 - 4*y - 1. Let h(d) = -18*d - 203. Let o be h(-13). Suppose 2*l = -o + 41, b + 4*l - 25 = 0. What is z(b)?
4
Let m(g) = 2*g**2 + 2*g - 1. Let w(s) = -6*s - 6. Let j be w(4). Let u be 17/4 + -1 + j/120. What is m(u)?
23
Suppose 10*q = 576 - 576. Let h(u) = u + 1. Let r(p) = -5*p + 1. Let b(c) = 4*h(c) + r(c). Determine b(q).
5
Let v(b) be the second derivative of -b**5/20 - b**4 + 5*b**3 + 15*b**2 + 2*b + 2124. Determine v(-14).
2
Let h(r) = 0 - 6 + 5. Suppose -b - 3*j + 18 = -3*b, -5*b - 36 = -3*j. Let n(p) = p + 4. Let c(m) = b*h(m) + n(m). Calculate c(-5).
5
Let u(x) = 25*x**2 - 75*x + 139. Let f(y) = -4*y**2 + 7*y + 1. Let i(p) = -6*f(p) - u(p). What is i(28)?
-5
Let h(t) = 16*t - 55 - 45*t + 3*t**2 - 36 - 58*t. What is h(30)?
-1
Suppose -86*x + 82*x = 4*n - 8, -10 = n + 5*x. Let l(y) = 13*y - 64. Give l(n).
1
Let l(f) = -f - 136 - 31*f**2 + 2*f**3 + 137 + 31*f**2. Let n be 6/(-15) - (-28)/20. Calculate l(n).
2
Let o(a) = 4*a**2 + 21*a + 22. Suppose 15*r + 109 + 99 = -37*r. Give o(r).
2
Suppose -5*k + 0 = -10. Let v(l) = -368 + 730 + l - 363. Give v(k).
1
Let j be 9 - (-3 + 4 - 30). Suppose -j + 44 = -b. Let s(t) = -t**2 - 2*t - 4. What is s(b)?
-28
Let n(v) = 2*v**2 - 6*v - 267. Let x(z) = -24. Let t(l) = n(l) - 9*x(l). What is t(7)?
5
Let n(p) = p**2 - 14*p + 27. Suppose 2*h - 4 - 28 = -3*b, h = -3*b + 22. Determine n(h).
-13
Let d(a) = -4*a + 37. Let f = 5976 + -5966. Determine d(f).
-3
Let g(z) be the third derivative of 7*z**4/24 + 2*z**3/3 - 40*z**2 + z. Let a(j) = -6*j - 3. Let m(i) = 5*a(i) + 4*g(i). Let f = -10 - -8. Determine m(f).
5
Suppose -16*g - 1212 = -1068. Let v(c) = -c**2 - 22*c - 114. What is v(g)?
3
Let l = 155837 + -155843. Let j(i) = i + 1. Let w(t) = -t + 3. Let c(q) = -2*j(q) - w(q). What is c(l)?
1
Let x(f) = f**3 - 3*f**2 - 2*f + 9. Suppose 154*o = 135*o + 95. Determine x(o).
49
Let b(h) = 7*h + 227. Let f be b(-32). Let m(g) = 2*g**3 - 4 + 3*g**3 + 0*g**3 - 10*g - 6*g**3 + f - 7*g**2. Calculate m(-5).
-1
Suppose 4*z - 29 + 1 = -4*a, 3*z - 5 = -a. Let o(m) = -5 + 5*m + 2 - 2. Let v(x) = -6*x + 5. Let u(h) = -4*o(h) - 3*v(h). What is u(a)?
-11
Let x(l) = l**2 - 9*l + 7. Let y be (-2 - -1)/((-1)/2). Suppose y*h = r + 37 - 8, -r - 80 = -5*h. Let j = -9 + h. What is x(j)?
-1
Let z(w) = -w**3 - 16*w**2 - 26*w + 24. Let h(u) = -4*u**2 + 96*u - 574. Let k be h(10). Calculate z(k).
-4
Let q(b) = 32*b**3 - 169*b**2 - 179*b + 900. Let p(a) = 5*a**3 - 28*a**2 - 30*a + 149. Let t(c) = 13*p(c) - 2*q(c). What is t(27)?
2
Let b(j) = -32*j + 193. Let p be b(6). Let x(d) = 0*d + 1 - 10*d**2 - 5*d**2 - 5*d**2 - d. Determine x(p).
-20
Let w(a) be the third derivative of a**6/120 - a**5/10 - a**4/24 - 7*a**3/6 - a**2 - 404. Give w(5).
-37
Let s(m) = -3*m**2 + 385*m + 1153. Let n be s(-3). Let z(b) = 2*b**2 + 55*b - 18. Determine z(n).
69
Let l be 2*(5/1 - 837/18). Let v = l - -90. Let m(x) be the third derivative of -x**4/24 + x**3 - x**2. Give m(v).
-1
Suppose -2*d + 0*d + 10 = 0. Let r = 30 - 13. Let c(w) = -7*w + r*w - 7*w + 4 - w**2 + 0. Determine c(d).
-6
Suppose -4*m + 97 = -47. Suppose 6*z + 66 = m. Let w(h) = h**2 + 5*h + 1. Give w(z).
1
Let s(v) be the third derivative of -7*v**4/8 + 97*v**3/3 + 35*v**2 - 2*v - 19. Determine s(9).
5
Let l = 5454 + -5458. Let i(p) = 2*p**2 + 4*p + 2. What is i(l)?
18
Let n(y) = y + y**3 + 1 + 3*y**2 - 2*y**3 - 2*y + 0. Let o be (-2)/(((-12)/(-166))/3). Let t = o + 86. Determine n(t).
-2
Let z(y) = -145 + 64 - 2070*y - 125 + 2077*y - 63. What is z(38)?
-3
Let p = 503 - 500. Let u(h) be the third derivative of h**5/20 - h**3/3 + 28*h**2. Give u(p).
25
Let h(k) be the second derivative of -k**4/12 + k**3/6 + 13*k**2/2 - 21*k - 7. Let x = -5 + 9. Suppose -x*g = -9*g. Give h(g).
13
Let q(o) = 1 + 0*o**2 - 8*o - 4 + 14 + 5*o**2. Let u(h) = -h**2 + 2*h - 3. Let j(n) = 2*q(n) + 9*u(n). Determine j(-4).
3
Let b(v) = -8*v - 108. Let z(m) = -3*m - 48. Let r(s) = 3*b(s) - 7*z(s). Give r(-7).
33
Let m(b) = 5*b + 1085. Let a(h) = -55. Let d(l) = 20*a(l) + m(l). Calculate d(5).
10
Let u(s) = 2*s + 6. Suppose -4*k = 18*k + 7062. Let l = -325 - k. What is u(l)?
-2
Suppose -2*j - 102 + 18 = 0. Let i = -40 - j. Suppose 7 = -i*h + 3, -a + 3*h = -4. Let o(p) = -p**2 - 4*p + 1. Determine o(a).
5
Let d(s) be the third derivative of s**6/60 - s**4/3 - 3*s**3/2 + 218*s**2 + 3*s + 1. What is d(-1)?
-3
Let g be (-3)/(-5)*15/(-6)*-1326. Let f(o) = -o - g + 1992 - o. Give f(6).
-9
Let g(z) = -21*z**2 + 11*z + 26. Let p(n) = 4*n**2 - n - 1. Let f(s) = g(s) + 5*p(s). What is f(8)?
5
Let m = 66 - 71. Let n(x) = x**2 - 15. Let k be n(m). Suppose 0 = k*l - 9*l. Let s(o) = -o**3 - o**2 + o + 5. What is s(l)?
5
Suppose 0 = -o - 5*m - 18, -m + 16 = 2*o - 4*m. Let x(r) = -r**3 + 7*r + 1 - 2 + 17*r**o - 21*r**2. Determine x(-5).
-11
Let t(r) = 97*r + 868. Let x be t(-9). Let p(n) be the first derivative of -n**4/4 - 4*n**3/3 + 3*n**2 + n - 2. Calculate p(x).
-4
Suppose 14*f + 92 = -4*f + 38. Let g(o) = 5*o**2 - 5*o - 4. Determine g(f).
56
Suppose -7*s - 9 = -10*s. Let k(l) be the first derivative of -s - 3*l**2 + 10 - 4*l + 14 + 3*l. What is k(-1)?
5
Let j = -2519 - -2525. Let x(a) be the first derivative of -a**4/4 + 7*a**3/3 - 7*a**2/2 - 8*a + 6. Give x(j).
-14
Let u(w) = -121*w - 37 + 54*w**2 - 55*w**2 + 131*w. Determine u(6).
-13
Let o(k) = k + 4. Let w be o(-5). Let z be w*(-3 + 1 + 3). Let c(h) be the third derivative of h**5/5 - h**3/6 + 92*h**2. Calculate c(z).
11
Let l(w) be the second derivative of w**4/12 - 13*w**3/6 + 5*w**2 - 7*w + 31. Let u(v) = 12*v**3 - v + 1. Let q be u(1). Give l(q).
-2
Let q(u) = 36 - 904*u**2 + 2685*u**2 + 24*u - u**3 - 897*u**2 - 892*u**2. What is q(-10)?
-4
Let p(n) be the third derivative of n**4/24 + 13*n**3/6 - 90*n**2. Let v be p(-9). Let r(b) = -b**3 + 5*b**2 - 2*b - 3. Give r(v).
5
Let l(h) = -3*h - 3. Let s be l(-2). Suppose -s*w + 4*w = -2. Let z(t) = -29057 - 29060 - 29057 + 87174 + 4*t. What is z(w)?
-8
Let y(u) be the second derivative of u**5/20 + u**4/3 + u**3/2 + 3*u**2/2 + 83*u. Let j be (-3)/(-1) - 5 - -1. Let m be -4 + 1 + (j - -2). What is y(m)?
5
Let n(f) = -41*f - 5*f**2 + 4*f**2 - 5 - 34*f + 4*f**3 - 34*f + 116*f. Calculate n(1).
5
Let u(t) be the third derivative of t**5/60 - t**4/24 + t**3/2 + 5181*t**2. Give u(9).
75
Let y(c) be the third derivative of c**4/3 + 5*c**3/6 - 72*c**2 + 4. Give y(-2).
-11
Let o(